hat are the prime factors of 33791?
33791
List the prime factors of 165227.
127, 1301
What are the prime factors of 377576?
2, 109, 433
List the prime factors of 448215.
3, 5, 29881
List the prime factors of 310290.
2, 3, 5, 10343
List the prime factors of 35275.
5, 17, 83
What are the prime factors of 212211?
3, 17, 19, 73
List the prime factors of 192908.
2, 29, 1663
What are the prime factors of 524181?
3, 7, 109, 229
List the prime factors of 108302.
2, 54151
What are the prime factors of 18780858?
2, 3, 367, 2843
List the prime factors of 6643622.
2, 653, 5087
List the prime factors of 4088579.
11, 53, 7013
What are the prime factors of 252611?
252611
List the prime factors of 288911.
7, 149, 277
List the prime factors of 557361.
3, 7, 983
What are the prime factors of 115409?
7, 16487
List the prime factors of 808401.
3, 11, 17, 131
What are the prime factors of 8147680?
2, 5, 50923
What are the prime factors of 823739?
7, 16811
What are the prime factors of 860770?
2, 5, 86077
What are the prime factors of 5066952?
2, 3, 11, 17, 1129
What are the prime factors of 61091?
61091
List the prime factors of 9265243.
13, 712711
What are the prime factors of 18806?
2, 9403
List the prime factors of 6717479.
6717479
What are the prime factors of 5521891?
5521891
What are the prime factors of 18594726?
2, 3, 701, 4421
What are the prime factors of 5099103?
3, 566567
What are the prime factors of 173429?
173429
List the prime factors of 3654813.
3, 17, 71663
List the prime factors of 253965.
3, 5, 16931
List the prime factors of 307622.
2, 7, 43, 73
What are the prime factors of 1289568?
2, 3, 7, 19, 101
List the prime factors of 2690803.
2690803
What are the prime factors of 86178?
2, 3, 53, 271
List the prime factors of 11901710.
2, 5, 61, 109, 179
List the prime factors of 57142.
2, 28571
What are the prime factors of 4001840?
2, 5, 50023
What are the prime factors of 1682969?
853, 1973
What are the prime factors of 1229625?
3, 5, 1093
What are the prime factors of 7908249?
3, 223, 11821
What are the prime factors of 617903?
11, 13, 29, 149
List the prime factors of 4836657.
3, 7, 109, 2113
List the prime factors of 4052536.
2, 37, 13691
List the prime factors of 176580.
2, 3, 5, 109
List the prime factors of 75315.
3, 5, 5021
What are the prime factors of 1062279?
3, 17, 53, 131
List the prime factors of 356922.
2, 3, 79, 251
What are the prime factors of 304101?
3, 7, 1609
What are the prime factors of 8501061?
3, 2833687
What are the prime factors of 1188570?
2, 3, 5, 39619
List the prime factors of 571365.
3, 5, 12697
What are the prime factors of 530587?
17, 23, 59
List the prime factors of 2928918.
2, 3, 488153
List the prime factors of 706482.
2, 3, 7, 89
List the prime factors of 2320458.
2, 3, 7, 55249
What are the prime factors of 745341?
3, 248447
List the prime factors of 513156.
2, 3, 7, 41, 149
What are the prime factors of 10979671?
17, 23, 28081
What are the prime factors of 371810?
2, 5, 37181
List the prime factors of 97389.
3, 3607
List the prime factors of 870797.
211, 4127
List the prime factors of 13432997.
13432997
What are the prime factors of 993702?
2, 3, 165617
What are the prime factors of 35253?
3, 3917
What are the prime factors of 1104923?
47, 23509
List the prime factors of 157163.
157163
What are the prime factors of 285408?
2, 3, 991
What are the prime factors of 1150180?
2, 5, 131, 439
What are the prime factors of 4590106?
2, 2295053
What are the prime factors of 478126?
2, 11, 103, 211
What are the prime factors of 1136751?
3, 7, 11, 19, 37
List the prime factors of 513763.
31, 16573
List the prime factors of 25371.
3, 2819
What are the prime factors of 7951062?
2, 3, 7, 189311
What are the prime factors of 7743516?
2, 3, 11, 5333
What are the prime factors of 224024?
2, 41, 683
List the prime factors of 7838129.
13, 67, 8999
List the prime factors of 22781802.
2, 3, 17, 149, 1499
List the prime factors of 8744648.
2, 11, 99371
List the prime factors of 3549320.
2, 5, 89, 997
What are the prime factors of 11604089?
7, 29, 57163
What are the prime factors of 610484?
2, 7, 21803
List the prime factors of 14641209.
3, 11, 49297
What are the prime factors of 640009?
640009
What are the prime factors of 9225630?
2, 3, 5, 47, 727
List the prime factors of 302714.
2, 151357
List the prime factors of 77049.
3, 7, 1223
What are the prime factors of 1126316?
2, 281579
What are the prime factors of 193084?
2, 48271
What are the prime factors of 10784639?
10784639
List the prime factors of 1366662.
2, 3, 11, 20707
What are the prime factors of 1128938?
2, 163, 3463
What are the prime factors of 930960?
2, 3, 5, 431
List the prime factors of 10889713.
10889713
List the prime factors of 130448.
2, 31, 263
List the prime factors of 31935.
3, 5, 2129
What are the prime factors of 400774?
2, 11, 18217
List the prime factors of 12253392.
2, 3, 85093
List the prime factors of 620572.
2, 167, 929
List the prime factors of 3051730.
2, 5, 11, 27743
List the prime factors of 236667.
3, 78889
What are the prime factors of 179098?
2, 149, 601
List the prime factors of 1269427.
1269427
List the prime factors of 5954204.
2, 139, 10709
What are the prime factors of 541064?
2, 47, 1439
What are the prime factors of 277925?
5, 11117
What are the prime factors of 9638685?
3, 5, 7, 37, 827
What are the prime factors of 361129?
239, 1511
List the prime factors of 649083.
3, 23, 409
List the prime factors of 4725051.
3, 23, 31, 47
What are the prime factors of 3707065?
5, 741413
List the prime factors of 1034482.
2, 517241
What are the prime factors of 4426778?
2, 2213389
What are the prime factors of 10130?
2, 5, 1013
What are the prime factors of 5869969?
7, 59, 61, 233
List the prime factors of 29214513.
3, 29, 12437
What are the prime factors of 46093?
46093
What are the prime factors of 6036?
2, 3, 503
List the prime factors of 3160817.
11, 287347
What are the prime factors of 1587627?
3, 127, 463
List the prime factors of 201173.
7, 29, 991
List the prime factors of 5649905.
5, 31, 36451
What are the prime factors of 527070?
2, 3, 5, 17569
What are the prime factors of 1864621?
11, 337, 503
What are the prime factors of 41885?
5, 8377
List the prime factors of 974309.
7, 139187
What are the prime factors of 60393?
3, 41, 491
What are the prime factors of 32530913?
32530913
List the prime factors of 83169.
3, 9241
List the prime factors of 633141.
3, 103, 683
List the prime factors of 9488667.
3, 3162889
What are the prime factors of 81235?
5, 7, 11, 211
List the prime factors of 3979818.
2, 3, 221101
List the prime factors of 907041.
3, 19, 15913
List the prime factors of 5353262.
2, 113, 23687
What are the prime factors of 879912?
2, 3, 11, 101
What are the prime factors of 29194149?
3, 53, 183611
List the prime factors of 2827121.
11, 43, 139
What are the prime factors of 372542?
2, 186271
What are the prime factors of 307139?
7, 17, 29, 89
What are the prime factors of 9311555?
5, 11, 15391
What are the prime factors of 100082?
2, 163, 307
List the prime factors of 893422.
2, 103, 4337
List the prime factors of 1289190.
2, 3, 5, 7, 877
List the prime factors of 8169.
3, 7, 389
List the prime factors of 22453732.
2, 7, 41, 19559
What are the prime factors of 7303743?
3, 270509
List the prime factors of 8455656.
2, 3, 11, 32029
What are the prime factors of 11790941?
11790941
List the prime factors of 51935.
5, 13, 17, 47
List the prime factors of 24711.
3, 8237
List the prime factors of 1318646.
2, 7, 131, 719
What are the prime factors of 655374?
2, 3, 109229
List the prime factors of 257016.
2, 3, 10709
What are the prime factors of 9266757?
3, 149, 20731
List the prime factors of 11574134.
2, 11, 13, 283
List the prime factors of 16863586.
2, 8431793
List the prime factors of 1331565.
3, 5, 88771
What are the prime factors of 11619799?
11619799
What are the prime factors of 244569?
3, 13, 6271
What are the prime factors of 1246305?
3, 5, 19, 4373
What are the prime factors of 288530?
2, 5, 11, 43, 61
What are the prime factors of 1439312?
2, 7, 71, 181
What are the prime factors of 126189?
3, 7, 2003
List the prime factors of 121739.
23, 67, 79
List the prime factors of 2567074.
2, 1283537
List the prime factors of 6295497.
3